{"id":135,"date":"2023-07-19T11:06:27","date_gmt":"2023-07-19T10:06:27","guid":{"rendered":"http:\/\/www.beta.dekoningh-advocaten.nl\/?page_id=135"},"modified":"2023-07-19T11:06:27","modified_gmt":"2023-07-19T10:06:27","slug":"lease","status":"publish","type":"page","link":"https:\/\/www.dekoningh-advocaten.nl\/index.php\/lease\/","title":{"rendered":"Lease-overeenkomsten"},"content":{"rendered":"<p>Het kantoor ondersteunt leasemaatschappijen en captive financieringsinstellingen bij het formuleren van lease overeenkomsten, lease voorwaarden en procederen indien nodig tegen lessees namens de leasemaatschappij. Het kantoor treedt <strong>niet op voor lessees (leasenemers).<\/strong><\/p>\n<p>Wat is lease eigenlijk?<\/p>\n<p>Op zoek naar een definitie van lease stuit je op omschrijvingen als \u2018huren op lange termijn\u2019 of \u2018object gerichte financiering\u2019. Die twee definities verschillen erg van elkaar, omdat lease veel verschillende verschijningsvormen kent. Ze laat zich niet in \u00e9\u00e9n korte definitie vangen. Ook in de wet vind je niet \u00e9\u00e9n specifieke regeling voor lease. De meest voorkomende leaseovereenkomsten laten zich juridisch omschrijven als huur, huurkoop of een overeenkomst van geldlening waarbij als zekerheid een (stil)pandrecht is gevestigd op het te financieren object. Hieronder leggen we uit welke vormen van lease bij deze juridische omschrijvingen passen. Daarbij gaan we uit van de veel voorkomende situatie dat een auto wordt geleased, maar je kunt daar ook andere bedrijfsmiddelen invullen.<\/p>\n<p><u>Operationele lease<\/u><\/p>\n<p>Kenmerk van een operationele leaseovereenkomst is dat de leasemaatschappij niet alleen eigenaar is, maar ook blijft van de auto. De gebruiker krijgt het recht om de auto te gebruiken. De afschrijving en soms ook het onderhoud van de auto komen voor rekening en risico van de leasemaatschappij. De gebruiker betaalt aan de leasemaatschappij een vast (termijn-)bedrag per maand. <a href=\"https:\/\/www.dekoningh-advocaten.nl\/index.php\/operationele-lease\/\" target=\"_blank\" rel=\"noopener\">Lees meer&#8230;<\/a><\/p>\n<p><u>Financi\u00eble lease<\/u><\/p>\n<p>Bij een financi\u00eble leaseovereenkomst is of wordt de gebruiker uiteindelijk eigenaar van de auto. De leasemaatschappij fungeert als financier. De gebruiker betaalt aan de leasemaatschappij een vast (termijn-)bedrag per maand. <a href=\"https:\/\/www.dekoningh-advocaten.nl\/index.php\/financiele-lease\/\" target=\"_blank\" rel=\"noopener\">Lees meer&#8230;<\/a><\/p>\n","protected":false},"excerpt":{"rendered":"<p>Het kantoor ondersteunt leasemaatschappijen en captive financieringsinstellingen bij het formuleren van lease overeenkomsten, lease voorwaarden en procederen indien nodig tegen lessees namens de leasemaatschappij. Het kantoor treedt niet op voor lessees (leasenemers). Wat is lease eigenlijk? Op zoek naar een definitie van lease stuit je op omschrijvingen als \u2018huren op lange termijn\u2019 of \u2018object gerichte [&hellip;]<\/p>\n","protected":false},"author":3,"featured_media":0,"parent":0,"menu_order":0,"comment_status":"closed","ping_status":"closed","template":"","meta":[],"_links":{"self":[{"href":"https:\/\/www.dekoningh-advocaten.nl\/index.php\/wp-json\/wp\/v2\/pages\/135"}],"collection":[{"href":"https:\/\/www.dekoningh-advocaten.nl\/index.php\/wp-json\/wp\/v2\/pages"}],"about":[{"href":"https:\/\/www.dekoningh-advocaten.nl\/index.php\/wp-json\/wp\/v2\/types\/page"}],"author":[{"embeddable":true,"href":"https:\/\/www.dekoningh-advocaten.nl\/index.php\/wp-json\/wp\/v2\/users\/3"}],"replies":[{"embeddable":true,"href":"https:\/\/www.dekoningh-advocaten.nl\/index.php\/wp-json\/wp\/v2\/comments?post=135"}],"version-history":[{"count":14,"href":"https:\/\/www.dekoningh-advocaten.nl\/index.php\/wp-json\/wp\/v2\/pages\/135\/revisions"}],"predecessor-version":[{"id":321,"href":"https:\/\/www.dekoningh-advocaten.nl\/index.php\/wp-json\/wp\/v2\/pages\/135\/revisions\/321"}],"wp:attachment":[{"href":"https:\/\/www.dekoningh-advocaten.nl\/index.php\/wp-json\/wp\/v2\/media?parent=135"}],"curies":[{"name":"wp","href":"https:\/\/api.w.org\/{rel}","templated":true}]}}